{"id":8,"date":"2014-11-18T16:28:00","date_gmt":"2014-11-18T15:28:00","guid":{"rendered":"http:\/\/www.pregun.com\/?page_id=8"},"modified":"2025-04-28T10:44:37","modified_gmt":"2025-04-28T08:44:37","slug":"ucimo-slusati","status":"publish","type":"page","link":"https:\/\/www.pregun.com\/?page_id=8","title":{"rendered":"U\u010dimo slu\u0161ati"},"content":{"rendered":"<p>EDUKATIVNA RA\u010cUNALNA IGRA \u2026 I NE SAMO IGRA \u2026<\/p>\n<p>U\u010dimo slu\u0161ati je prvi hrvatski program za slu\u0161ni trening (pogodan za svu djecu pred\u0161kolskog i ni\u017eeg \u0161kolskog uzrasta). Program se mo\u017ee koristiti kao edukativna igra za svako dijete ali i kao didakti\u010dko pomagalo u rehabilitaciji djece s pote\u0161ko\u0107ama u razvoju. Program je osobito pogodan za djecu s:<\/p>\n<ul>\n<li>umjetnom pu\u017enicom;<\/li>\n<li>o\u0161te\u0107enjem sluha;<\/li>\n<li>poreme\u0107ajima slu\u0161nog procesiranja;<\/li>\n<li>lo\u0161im fonematskim sluhom i slu\u0161nom diskriminacijom;<\/li>\n<li>problemima pa\u017enje, koncentracije i slu\u0161ne percepcije.<\/li>\n<\/ul>\n<p><img decoding=\"async\" loading=\"lazy\" class=\"alignnone size-full wp-image-579\" src=\"http:\/\/www.pregun.com\/wp-content\/uploads\/8\/US_001.png\" alt=\"\" width=\"400\" height=\"301\" \/><\/p>\n<p>Program sadr\u017ei 96 razli\u010ditih zvukova i slika te niz opcija i razina slo\u017eenosti koje omogu\u0107avaju pra\u0107enje i evaluaciju terapije.<\/p>\n<p>Program \u2018U\u010dimo slu\u0161ati\u2019 omogu\u0107ava:<\/p>\n<ul>\n<li>Izradu vje\u017ebi prema slu\u010dajnom izboru ili prema zadanim kriterijima;<\/li>\n<li>Vo\u0111enje evidencije o korisnicima vje\u017ebi;<\/li>\n<li>Vo\u0111enje evidencije o vje\u017ebama korisnika;<\/li>\n<li>Procjenu uspje\u0161nosti pojedine vje\u017ebe;<\/li>\n<li>Izradu izvje\u0161taja, nalaza ili mi\u0161ljenja nakon izvedene vje\u017ebe;<\/li>\n<li>Analizu slu\u0161nog polja djeteta odnosno korisnika;<\/li>\n<li>Program radi u svim Windows su\u010deljima (vrijedi i za tablete). Za program je potrebno uz PC imati i malo bolje zvu\u010dnike.<\/li>\n<\/ul>\n<p><img decoding=\"async\" loading=\"lazy\" class=\"alignnone size-full wp-image-580\" src=\"http:\/\/www.pregun.com\/wp-content\/uploads\/8\/US_002.png\" alt=\"\" width=\"400\" height=\"301\" \/><\/p>\n<p>Autori programa su:<\/p>\n<p>Zlatko Pregun: izrada ra\u010dunalnog programa<br \/>\nMladen He\u0111ever: ideja i obrada zvuka<\/p>\n<p>Potpuno funkcionalna DEMO verzija programa U\u010cIMO SLU\u0160ATI mo\u017ee se preuzeti na\u00a0<a href=\"http:\/\/www.pregun.com\/wp-content\/plugins\/download-attachments\/includes\/download.php?id=120\">poveznici<\/a>.<\/p>\n<p>Kako kupiti program:<\/p>\n<ol>\n<li>Preuzmite program sa <a href=\"http:\/\/www.pregun.com\/wp-content\/plugins\/download-attachments\/includes\/download.php?id=120\">poveznice<\/a>,<\/li>\n<li>Instalirajte ga na va\u0161e ra\u010dunalo,<\/li>\n<li>Mo\u017eete ga koristiti i isprobati tijekom narednih 30 dana,<\/li>\n<li>Za kupnju programa zatra\u017eite ponudu\/predra\u010dun<br \/>\n(Tvrtka Tara centar d.o.o., e-mail:\u00a0<a href=\"mailto:mladen.hedjever@gmail.com\">mladen.hedjever@gmail.com<\/a>)<\/li>\n<\/ol>\n<p>Po izvr\u0161enoj uplati dobiti \u0107ete ra\u010dun i licencni kod za aktivaciju programa.<\/p>\n","protected":false},"excerpt":{"rendered":"<p>EDUKATIVNA RA\u010cUNALNA IGRA \u2026 I NE SAMO IGRA \u2026 U\u010dimo slu\u0161ati je prvi hrvatski program za slu\u0161ni trening (pogodan za svu djecu pred\u0161kolskog i ni\u017eeg \u0161kolskog uzrasta). Program se mo\u017ee koristiti kao edukativna igra za svako dijete ali i kao didakti\u010dko pomagalo u rehabilitaciji djece s pote\u0161ko\u0107ama u razvoju. Program je osobito pogodan za djecu &hellip; <\/p>\n<p class=\"link-more\"><a href=\"https:\/\/www.pregun.com\/?page_id=8\" class=\"more-link\">Continue reading<span class=\"screen-reader-text\"> &#8220;U\u010dimo slu\u0161ati&#8221;<\/span><\/a><\/p>\n","protected":false},"author":1,"featured_media":0,"parent":0,"menu_order":0,"comment_status":"closed","ping_status":"closed","template":"","meta":[],"_links":{"self":[{"href":"https:\/\/www.pregun.com\/index.php?rest_route=\/wp\/v2\/pages\/8"}],"collection":[{"href":"https:\/\/www.pregun.com\/index.php?rest_route=\/wp\/v2\/pages"}],"about":[{"href":"https:\/\/www.pregun.com\/index.php?rest_route=\/wp\/v2\/types\/page"}],"author":[{"embeddable":true,"href":"https:\/\/www.pregun.com\/index.php?rest_route=\/wp\/v2\/users\/1"}],"replies":[{"embeddable":true,"href":"https:\/\/www.pregun.com\/index.php?rest_route=%2Fwp%2Fv2%2Fcomments&post=8"}],"version-history":[{"count":0,"href":"https:\/\/www.pregun.com\/index.php?rest_route=\/wp\/v2\/pages\/8\/revisions"}],"wp:attachment":[{"href":"https:\/\/www.pregun.com\/index.php?rest_route=%2Fwp%2Fv2%2Fmedia&parent=8"}],"curies":[{"name":"wp","href":"https:\/\/api.w.org\/{rel}","templated":true}]}}